-3
What is 0 - (-9 - ((-4 - -4) + -4))?
5
What is 3 - (-1 + 3 + (5 - 0))?
-4
What is (11 - 1) + -34 + 27?
3
What is the value of (4 + 4 + -9 - -4) + 1?
4
What is (-2 - 2) + (4 + -6 - -4)?
-2
(0 - 7) + 1 + 16
10
Evaluate -4 + (-4 - -7) + -3.
-4
Calculate (-7 - (1 - 4)) + -11 + 11.
-4
What is -9 + -2 + 5 - -2 - -6?
2
Calculate -1 + 4 + (1 - (-3 + 5)).
2
What is the value of (-12 - 1) + (-18 - -25)?
-6
What is the value of 6 + -6 + -7 + 0 + 4?
-3
Calculate 3 + -1 + -4 - -2.
0
Calculate (-4 - (2 + -4 - -3)) + 1.
-4
Evaluate -3 + 6 - -1 - (12 + -2).
-6
Calculate -4 + (-2 - (-1 - (-1 - -4))).
-2
3 - (0 - -1 - (-23 + 26))
5
Evaluate (0 - 2) + -8 + -3 + 17.
4
Evaluate 2 - -5 - 0 - 9.
-2
Evaluate -8 + (-16 - -22) + (-1 - 2).
-5
What is the value of -23 - -19 - (0 + (1 - -3))?
-8
What is 0 + 2 + (1 - 1 - 1)?
1
What is -4 - (3 + (4 - 5))?
-6
-3 + -2 + 5 + -1
-1
(-4 - -1) + (-2 - -9)
4
Evaluate -7 - (0 - 8) - 4.
-3
What is -2 - -2 - -3 - -1?
4
Calculate -16 + 22 - (6 + -2).
2
Evaluate 1 + (1 - (-2 + 1)) - 4.
-1
Evaluate (6 - 6) + -12 - -19.
7
-14 + 18 + -8 - (1 - 12)
7
Evaluate 4 + 1 + 2 + -6.
1
What is the value of (4 - -2) + -3 + (-8 - -2)?
-3
What is the value of (-1 - -8 - 4) + -7 + 8?
4
50 - 48 - (2 - 1)
1
What is (96 - 100) + (6 - (-1 - -1))?
2
Calculate (19 - 17) + -5 + 1.
-2
What is (-11 - -6) + 13 - 6?
2
What is -43 + 39 + 5 + 0?
1
Calculate 13 + (2 - 7) - 4.
4
What is the value of 3 + (0 - (-7 + 0 + 6))?
4
What is the value of 8 - (-9 + 17 + 6)?
-6
Calculate -56 + 55 + (0 - (1 + 0)).
-2
What is -2 + 5 - (-83 + 76)?
10
Calculate -2 - (-9 - (-4 + 6 - 6)).
3
Evaluate (-12 + 15 - (12 - -1)) + 2.
-8
Calculate -5 + (3 - -6) + -1.
3
7 + (-3 + -5 + 7 - 16)
-10
What is 16 + 10 + -20 + -11?
-5
What is the value of 2 - (2 + -3) - (4 - -4)?
-5
What is the value of -1 + -7 + 3 + 2?
-3
3 + 2 + -10 + 1
-4
What is 11 + -13 - (-3 - -4)?
-3
What is the value of 5 + -4 - (-6 - -8)?
-1
What is the value of -8 - ((-15 - -7) + -2)?
2
What is the value of (-2 - (-3 + 0)) + -7?
-6
What is the value of (-5 + 9 - 7) + 1 + -1?
-3
Calculate 15 + (-21 - (-5 - 4)).
3
What is 0 + (5 - 2) + 1 + 1?
5
5 - (-8 - ((-6 - -2) + -4))
5
Evaluate 3 + -1 - (3 + -7 - -3).
3
35 + -34 + -6 + 1 + 0
-4
Calculate 3 - (-1 - 2) - (8 - 1).
-1
Evaluate -1 + -4 - (-4 - -1).
-2
What is 0 - 1 - (-10 + 11)?
-2
Evaluate 7 - (3 - 0) - -1.
5
Calculate 1 - 7 - ((-5 - 16) + 22).
-7
Evaluate -2 - (7 - (-10 + 13)).
-6
Calculate 7 + (1 - (11 - 5)) + -8.
-6
0 + -3 - ((17 - 7) + -14)
1
Calculate -2 + (-3 - -1 - (0 + -9)).
5
(1 - (13 + -6)) + 0
-6
Evaluate 8 + -15 + 2 + 11.
6
-6 - (-1 - 1) - (-16 - -16)
-4
What is 0 + (0 - 0) + -4 - -4?
0
What is -3 - ((0 - (3 - 0)) + 1)?
-1
Evaluate 4 + -5 + -2 + 2 - -4.
3
Evaluate 6 + -8 + (-3 - -1).
-4
3 - (3 + -2 - -1 - 2)
3
Evaluate (-1 - -4 - (-2 + 0)) + 3.
8
What is the value of 7 - (6 + -4 + 1)?
4
Evaluate (-1 - (-7 + 1 - 1)) + -5.
1
1 + 0 + 1 + -2 + -5
-5
What is (7 + 0 - -4) + -4?
7
What is 4 + (-5 - (2 + -7))?
4
Calculate (14 + 2 - 1) + -4 + -4.
7
What is (-4 - (5 + -2 - 4)) + 7?
4
Calculate 3 - ((20 - 14) + 2).
-5
Calculate (2 - (1 - -1 - 1)) + -2.
-1
What is (14 - 15) + -5 + (1 - 1)?
-6
Calculate (-6 - (8 + -6)) + (0 - -2).
-6
What is the value of (-3 + 2 - -5) + 1?
5
What is -2 - -3 - (6 + -9)?
4
What is the value of -1 + -3 - (7 + -12)?
1
What is the value of -1 - -4 - (3 + -11 + 9)?
2
What is -2 - -7 - (-3 + 9 - -8)?
-9
Calculate 3 + (-2 - -2) - (19 + -11).
-5
-2 + (0 - 0) - 2 - 1
-5
12 - (-7 + -10 + 39)
-10
What is the value of (11 - 7) + 10 - 7?
7
What is the value of 4 + (5 - ((-4 - -6) + 2))?
5
Calculate (-1 - (6 - 7)) + -5.
-5
Calculate 7 + (-6 - -5 - 3) - -3.
6
Calculate 5 + (-8 + 9 - (5 - 1)).
2
Calculate -13 + 9 + (0 - 7 - -4).
-7
What is -8 + 9 + (-7 - -7) + 0?
1
-1 - (-6 + (12 - (1 + 3)))
-3
What is the value of (-21 - -28) + 0 + -6 + 5?
6
Evaluate 4 - ((2 - 0) + 4).
-2
What is (0 - 8) + (-1 - -4) + 0?
-5
What is 2 - 0 - (-6 + 3) - 1?
4
Evaluate (11 - 2) + -1 + -11.
-3
What is -3 - (3 + 1 - 6)?
-1
What is (0 - 1) + 6 + -10 + 3?
-2
What is 3 - 5 - (-9 - (-4 + -6))?
-3
2 - -1 - (8 - 4)
-1
Calculate -1 + 2 + -6 + 15 + -5.
5
(0 - -2) + -1 + -12 + 6
-5
What is (51 + -59 - (-1 - 0)) + 0?
-7
What is 3 + 2 - 0 - (-7 - -8)?
4
What is 3 - ((1 - (-9 + 2)) + -5)?
0
Calculate -46 + 36 - (1 + -11).
0
What is the value of -1 + 1 + 1 + (-13 - -9)?
-3
(-5 - 1) + -3 - -5
-4
(-7 - -2) + (-12 - -18) + 5
6
What is the value of -7 - (12 - (10 + 1))?
-8
What is -3 + 0 + 5 - (-3 - 2)?
7
(-7 - -10) + -2 + 0
1
Calculate 1 + (18 - 21) + (1 - 1).
-2
Calculate 0 + 7 + 1 + -1 - 3.
4
What is the value of (-4 - -4) + 5 - (-3 - -2)?
6
Calculate -8 - -10 - (-6 - -1) - 2.
5
(28 - 24) + (-2 - 6)
-4
1 + 1 + -13 + 2 + 11
2
What is the value of 3 + 5 - (6 + (9 - 4))?
-3
Calculate 1 - (6 + 1 + -3).
-3
What is the value of -1 - -4 - 2 - -2?
3
Calculate 5 + 0 + -7 - -1 - -4.
3
Calculate (-4 - -8) + -12 + -11 + 18.
-1
What is the value of -306 + 304 + (1 - (-5 - -1))?
3
Calculate 2 - (0 + 2 + -2) - 0.
2
What is the value of -4 + -4 + (-10 - -11)?
-7
What is the value of (2 - 5) + -14 + 14?
-3
0 + (6 - (3 - 0))
3
Calculate -5 + 16 + -9 + -2 + 2.
2
Calculate -3 + 3 - -9 - 8.
1
What is the value of -5 - (-6 + 6) - -2?
-3
Calculate -17 - -33 - 13 - (-5 + 2).
6
4 + (3 - (2 + 2) - 6)
-3
What is the value of -5 + 8 - 4 - -3?
2
-2 + 5 + 4 + -3
4
Calculate (5 - 3) + -2 + 0 - 0.
0
What is the value of -3 + 11 + -47 + 32?
-7
Evaluate 104 + -101 + (2 - -6).
11
Calculate -8 + -3 + -1 - -6.
-6
What is (13 - 12 - 2) + -1?
-2
(3 - 3) + (-3 - (-3 - -2))
-2
Calculate 4 - 2 - (1 + -4).
5
What is the value of 4 - (5 + -9 + 5 + 1)?
2
Evaluate -3 - (10 + -5 + -3).
-5
-1 + (-2 - 1) - 0
-4
What is (-2 + 3 - 6) + (7 - 0)?
2
What is the value of (5 - (0 + 1 - -3)) + 2?
3
Evaluate -8 - -4 - -2 - 3 - -5.
0
Calculate -1 - (-7 + 4 - 0 - -2).
0
What is 5 - (0 + 9 + (-1 - 2))?
-1
Calculate (4 - (8 - (-2 - -11))) + 0.
5
What is the value of (2 - -2) + (0 - 9)?
-5
Evaluate 0 + (2 - 0 - 2).
0
-7 - (-3 - 2) - 0 - -4
2
What is the value of 4 + -7 + 3 + 6?
6
What is -4 + 1 + 3 - -1?
1
Calculate 0 + 1 + (6 - 0 - 3).
4
Calculate (-11 - (5 + -5)) + 15.
4
Calculate (-5 - -7) + (3 - 0).
5
0 - (5 - 0) - 0 - -6
1
6 + -3 + -3 + 2
2
What is 3 + 2 + -13 - -4?
-4
Evaluate 5 + 1 + -4 - 1 - 4.
-3
What is -2 + -4 - (-22 - -22)?
-6
Calculate (3 + 2 + -2 - 1) + -4.
-2
Evaluate (-24 - -19) + 1 + 5 + 1.
2
5 + (8 - 12) + -10 + 4
-5
3 + (5 - 15) - -4 - -2
-1
What is the value of -5 - (6 + 1 - 12 - 3)?
3
What is 1 - -8 - (7 - 4)?
6
Evaluate 3 - ((-4 - -2) + 8).
-3
(-19 + 0 - -8) + 8
-3
Calculate -6 - (-3 + 3) - -7.
1
Evaluate -4 - -8 - 6 - -3.
1
What is the value of -7 + (18 - 2) + -9?
0
What is -7 + (7 - 3) - 2?
-5
What is the value of 3 + -27 - -8 - (1 + -9)?
-8
What is -14 + 12 + (-2 - 0)?
-4
Calculate 3 + (-3 - 0) + (3 - 1).
2
Evaluate -18 - -13 - (-11 + 2).
4
What is -15 - -19 - (2 - 5) - 1?
6
Calculate (-5 - -1) + -24 + 23.
-5
-8 + (7 - (1 - -3)) - -5
0
Evaluate 2 + (10 - 21) + 7.
-2
Calculate 0 + 13 + -8 + -8.
-3
What is the value of (-10 - -3) + 5 + -1?
-3
What is the value of 1 + -1 - (6 + 0)?
-6
Evaluate -3 - (14 - (1 + 10)).
-6
Evaluate -2 + 7 - (3 + 5).
-3
Evaluate 6 + -11 + (13 - 5 - 5).
-2
What is 0 - -9 - (-31 + 46)?
-6
Evaluate (291 - 287) + (1 - 1).
4
What is the value of -2 + (5 - 2) + 1?
2
Evaluate 5 - (3 + (12 - 4)).
-6
Evaluate (-8 - -1 - 5) + 1 + 5.
-6
What is the value of (-15 + 16 - (0 + -1)) + -1?
1
What is the value of (85 - 91) + (3 - (2 - 3))?
-2
Calculate 16 + -9 + 9 + -10.
6
Evaluate -6 + 2 - 7 - -6 - -6.
1
2 + -3 - (1 - 0 - -1)
-3
Evaluate 3 + -9 + 3 + 6 - 2.
1
Evaluate -2 - -2 - 1 - -4.
3
What is (-11 - -14) + (-1 - 6) - -3?
-1
What is (2 + 3 - 4) + -6?
-5
-12 - (-6 - 3 - (1 + -5))
-7
What is -4 - (-3 + (-8 - -10))?
-3
Calculate (-8 - -2) + (2 - -2) - 1.
-3
What is the value of 0 + (1 - 1 - 4)?
-4
What is the value of -3 - (-2 - 8 - -6)?
1
What is the value of (-5 - (2 + -6 + -6)) + -7?
-2
-1 + -2 + -2 + 1 + 2
-2
What is the value of 3 - (-1 + 4 - (-3 - -2))?
-1
Calculate (-1 - 3) + -29 + 35.
2
Calculate 1 + (-10 - -13) - -6.
10
Calculate 0 - (7 - (6 - -5 - -3)).
7
Evaluate 1 + -3 - (7 - 7).
-2
Calculate 0 + -1 - (40 + -46).
5
What is 1 + (-7 - (-6 - -3))?
-3
What is 23 + -19 - (0 + 3)?
1
What is 7 + (10 - 10) + -12